derivative of 2*x**3/3 + 10*x**2 - x + 73. Give v(-6).
-4
Let y(b) = -4*b - 6 - 8*b**3 + 8*b**3 - 5*b**2 + b**3. Let l be 4/(-22) - (-163)/(-11). Let g be (4/(-10))/(1/l). Give y(g).
6
Let a(f) be the first derivative of 5*f**3/3 + 6*f**2 + 5*f + 110. Calculate a(-3).
14
Let b be (-2)/9 - 29/(-9). Let j(r) = 4*r**3 + 3*r**2 + r + 2. Let z(l) = -l**3 - l. Let y(k) = b*z(k) + j(k). What is y(-4)?
-6
Let r(v) = -3*v + 8. Let f(p) = -1 + 5 + 13 + 14 - 13*p. Let a(l) = -2*f(l) + 9*r(l). Determine a(7).
3
Let p(u) be the second derivative of -u**3/6 - 9*u**2/2 - 70*u - 1. Give p(-7).
-2
Let h be 6/2 - 112/14. Let a(l) = -3*l - 5. Determine a(h).
10
Let w(g) = -g**2 + 7. Let a(v) = -2*v - 4. Suppose 4*d = -5 - 19. Let l = d + 4. Let o be a(l). What is w(o)?
7
Let l(j) = 4*j**3 - 5*j**2 + j - 5. Let x(i) = -3*i**3 + 6*i**2 - i + 6. Let g(t) = -5*l(t) - 4*x(t). Let f be ((-1)/3)/((-1)/3). Give g(f).
-7
Let p(t) = -t - 2. Let o(x) = -x**2 + 9*x - 2. Let h be o(9). Determine p(h).
0
Let d(i) = -719 - i + 719. Calculate d(-6).
6
Let u(y) = 0*y - 4*y - 75934 + 75958. Determine u(5).
4
Let q(f) = -f + 6*f + 5*f. Let v(n) = n**3 - 13*n**2 + 28*n - 193. Let u be v(12). Determine q(u).
-10
Let u(d) = -3 - d**2 - 3 + 1. Let r(y) = -3*y + 3. Let x be r(7). Let b = x + 18. Give u(b).
-5
Let v(i) = 5*i + 45. Let g(z) = 6. Let r(f) = 10*g(f) - v(f). What is r(4)?
-5
Let q(n) = n**2 - 8*n + 9. Suppose -21 = u - 5*u + p, 4*p + 4 = 0. Suppose 3*f + 5*b = 5*f + 11, 0 = -u*f + 5*b + 10. Give q(f).
2
Let u be 90/150 - (-76)/(-10). Let z(y) = y - 9. Calculate z(u).
-16
Suppose -30 = 10*j + 30. Let d(h) be the second derivative of -h**5/20 - h**4/2 - 6*h. Give d(j).
0
Let u = -1185/4 + 1191/4. Let j(t) be the first derivative of -5 - t + u*t**2. Calculate j(1).
2
Suppose 70 = 11*o + 48. Let b(h) = -2*h**2 - 3*h + 2. Give b(o).
-12
Let d(j) be the second derivative of -j**4/12 + 3*j**3/2 - 2*j - 1. Determine d(9).
0
Let x(s) = -6*s**2 + 14*s + 11. Let u(w) = 22*w**2 - 43*w - 33. Let m(c) = 2*u(c) + 7*x(c). Determine m(-6).
11
Let j(r) be the first derivative of r**2 + 24*r - 667. Give j(-10).
4
Let f(j) be the first derivative of -j**2 + 15/4*j**4 - j + 0*j**3 + 8. Determine f(-1).
-14
Let b(z) = z**2 - 4*z - 1. Suppose -77*f + 24 = -669. What is b(f)?
44
Let m(g) = -6*g**3 + 2*g**2 - 2. Let q be m(1). Let u(i) = i**3 + 7*i**2 + 7*i + 4. What is u(q)?
-2
Let d(g) = -g**3 + g**2 - g - 1. Suppose -3*o = 4*t - 9 + 21, 3*t + 9 = -4*o. Determine d(o).
-1
Let u(o) = -4*o - 11. Let r(n) = 3*n + 11. Suppose 180*c = 178*c + 4. Let g(i) = c*u(i) + 3*r(i). Give g(-7).
4
Let b(f) = f**3 - 5*f**2 + 3*f - 4. Let z(s) = -s**3 - 22*s**2 - s - 19. Let d be z(-22). What is b(d)?
-13
Let v(n) = n**3 - 4*n**2 - 8*n - 3. Let u(c) = c**2 + 1. Let t(d) = -d - 8. Let r be t(-7). Let a(m) = r*u(m) + v(m). What is a(6)?
-16
Let s(n) = 5*n. Let u(w) be the second derivative of 8*w**3/3 + 9*w. Let i(k) = -10*s(k) + 3*u(k). What is i(-3)?
6
Let d(v) = v + 7. Let w(x) = -25*x - 360. Let a be w(-14). Give d(a).
-3
Let y(o) = -o**3 - 4*o**2 + 7*o + 7. Suppose 9*r = 5*r - 12. Let f be r/(12/16)*5/4. Give y(f).
-3
Suppose -6*g = -10*g + 4. Let x(q) = 2 - 1 + q + g. Determine x(5).
7
Let q(l) be the second derivative of -l**5/20 - 5*l**4/4 + l**3/6 + 11*l**2/2 - 28*l - 5. Determine q(-15).
-4
Let x(y) = 5*y**3 + y**2. Suppose -p + 50 = 4*r + 14, -p + 28 = 3*r. Suppose -2*b - 2*b = -r. Suppose -b*n - 2 + 4 = 0. Determine x(n).
6
Let j(m) = m**3 - 5*m**2 + 3*m + 2. Let k be j(4). Suppose -i = -n - 5, -4*i + 3 = -2*n - 17. Let f(u) = -2 - u + 4*u**2 + i - u + 5*u. Give f(k).
13
Let m(h) = -h**3 - 4*h**2 + 5*h - 3. Suppose -4 + 69 = 5*o. Suppose -4*g + 5 = -5*z + o, -5*z - 5*g - 10 = 0. Let x be (z - 6) + 0 - -1. Calculate m(x).
-3
Let a(z) = 8*z**2 - 41*z + 51. Let u(r) = -3*r**2 + 14*r - 17. Let h(d) = -4*a(d) - 11*u(d). Give h(-11).
-6
Let n = 3 - 5. Let c(a) = 2*a - 1. Let d be (2 - 2 - -3) + (-2 - -2). Let z(k) = k - 2. Let v(f) = d*z(f) + n*c(f). Determine v(-3).
-1
Let a(f) = f**2 - 7*f + 7. Suppose 3*u - 5*q + 2*q = 15, -3*u - 4*q + 1 = 0. Suppose s - 10 = -u*x + 11, -5*s - 2*x + 40 = 0. Calculate a(s).
1
Let k(v) = -2*v**3 - 5*v**2 - 4*v - 6. Let c be k(-3). Suppose 20 = 5*o - c. Let r(x) = 2*x - 9. Calculate r(o).
5
Let c be 5/10 - (-7)/2. Suppose -c*d = 4*p - 36, d + 4*p + p - 13 = 0. Suppose -5*q - d = 27. Let k(w) = w + 8. Determine k(q).
1
Let v(b) = b**3 - 19*b**2 + 16*b + 30. Let n(a) = -a**2 + 61*a - 42. Let j be n(60). What is v(j)?
-6
Let b(x) = -x. Let h be b(1). Let n(g) = g. Let m(c) = -33*c. Let s(y) = -m(y) - 44*n(y). Determine s(h).
11
Let t = -125 + 125. Let i(u) = 3*u**2 + 3*u + 4. Let h(s) = 7*s**2 + 8*s + 8. Let g(b) = -2*h(b) + 5*i(b). What is g(t)?
4
Let f(n) = n**2 + n + 2. Suppose -45*z = -39*z. Determine f(z).
2
Let q = -22 - -24. Let i(z) be the second derivative of 0 + z + 1/20*z**5 + 0*z**4 + 1/2*z**2 + 0*z**3. Determine i(q).
9
Let q(r) be the second derivative of r**5/20 + 13*r**4/12 - r**3/6 - 5*r**2/2 + 42*r. Calculate q(-13).
8
Let u(c) = 289 - c**2 - 6*c - 145 - 143. Determine u(-8).
-15
Let s(h) be the third derivative of -8*h**2 + 0*h + 0 - 1/24*h**5 + 0*h**3 + 1/4*h**4 - 1/360*h**6. Let r(z) be the second derivative of s(z). Determine r(-6).
7
Let t(h) = 13*h**2 + 16*h + 1. Let y(c) = -11*c**2 - 15*c. Let a(z) = -5*t(z) - 6*y(z). Calculate a(-10).
-5
Let h(q) = -5*q + 5. Let g = -558 + 552. Determine h(g).
35
Suppose 87 = -7*q - 46. Let n(g) = 2*g**3 + 38*g**2 + g + 18. Give n(q).
-1
Let h(k) = 3*k - 11. Let v(z) = 9*z - 31. Let o(t) = 17*h(t) - 6*v(t). Let a be (4/(-6))/((-2)/(-3)). Give o(a).
2
Let o(j) = -2 + 224*j - 450*j - j**3 + 226*j. Suppose 4*x + 6 = 2*x. Let u = -3 - x. Give o(u).
-2
Let c(x) = -x**3 + 5*x**2 + 2*x + 4. Let r(g) = -2*g**3 + 6*g**2 + g + 5. Let u(w) = -3*c(w) + 2*r(w). Let l be 31 - 18 - (-6 - -21). What is u(l)?
2
Let k(x) be the second derivative of 31*x + 0 + 1/6*x**3 + 1/2*x**2. Determine k(-2).
-1
Suppose 1 + 15 = -16*p. Let k(h) be the third derivative of h**5/10 + h**4/24 + 5*h**2. Calculate k(p).
5
Let g be ((-2)/(-4))/(3/48). Suppose g*o = -2*k + 6*o - 22, -4*k + 5*o + 1 = 0. Let i(h) = -h**2 - 5*h - 4. Give i(k).
-10
Let u(b) = -2*b**2 - 5*b. Suppose 16 = 2*m - i - 26, -2*m + 4*i = -42. Suppose m = -6*d - 3. Give u(d).
-12
Suppose -6*d = -385 + 343. Let g(x) = -x**3 + 9*x**2 - 17*x + 15. Determine g(d).
-6
Suppose -3*u = 2*u. Suppose -q + 3*q = 4. Let p(i) = 0*i + 2*i + q - i. Determine p(u).
2
Let u = -10 + 6. Suppose 0*c = 2*c - 3*k - 14, 5*c - 3*k = 35. Let f(q) = -c*q + 5*q + 5 + q. Give f(u).
9
Let p(v) = -7*v. Let d be ((-360)/(-5))/9 - 14. Determine p(d).
42
Let l(p) = p**2 - 8*p + 5. Let b(v) = v**2 - 4*v - 28. Suppose -2*f - 8*f + 80 = 0. Let r be b(f). Calculate l(r).
-11
Let l(q) be the third derivative of -q**5/60 + 5*q**3 + 198*q**2. Determine l(0).
30
Let u(m) = 13 - 7*m**3 + 8*m**2 + 6*m**3 - 5 - 3*m + 10. Calculate u(8).
-6
Suppose 4*o + 3*j + 19 = 0, j = -2*o - 0*j - 7. Let w(k) = -7*k**3 + k**2 + 2*k + 1. Give w(o).
7
Suppose 5*v = -18 - 17. Let p(j) = -j**2 - 6*j + 11. Let l be p(v). Suppose 16 = -l*s - 0*s. Let g(k) = -4*k - 6. What is g(s)?
10
Let n be (-66)/15 + 4 - (-4)/10. Let i(g) = g**3 + g**2 - g + 19. What is i(n)?
19
Let l = -2 - -4. Let v(g) = 0 + 28*g**l + 4 - 41*g**2 - 3. Give v(-1).
-12
Let n(i) = -3*i. Let q = 9 + -9. Suppose -2*k - 4*d - 4 = q, -5*k + 5*d = 3*d - 14. What is n(k)?
-6
Let g(r) be the first derivative of 3*r**2 - 13*r + 220. Calculate g(2).
-1
Let q(r) be the second derivative of -r**5/20 - 7*r**4/12 + r**3 - 5*r**2 + 2*r + 84. Calculate q(-8).
6
Let t(l) = -47*l**3 + 2 + 5*l**2 + 23*l**3 + 25*l**3 - 7*l. Give t(-6).
8
Let k = 27 + -24. Let u be -5*k/(1 + 2). Let o(w) = -w - 6. Calculate o(u).
-1
Suppose 2*a + 1 = -l - 4*a, 0 = -2*l - 5*a - 9. Let q(g) = g**2 + 8*g - 2. Calculate q(l).
-9
Let r(q) = q + 7. Suppose -l - 2*l - 60 = 0. Let w be (48/(-15) - -2)*l/(-3). Determine r(w).
-1
Let d = 34 + -32. Let a(y) = -5*y**d + y**3 + 15 - 8*y - 4 - 2*y**2. Give a(8).
11
Let y(c) = c + 19. Let h be y(4). Let f(v) = -5*v + 11 - h + 12. What is f(-1)?
5
Suppose -3*f = 4*t - 28, -4*f - 35 = -7*t + 2*t. Let w(m) be the third derivative of -m**5/60 + 7*m**4/24 + 7*m**3/6 - 10*m**2 + 1. Wh